67 - 125. What is the tens digit of r?
4
Suppose 0 = -g - 3*c + 14 - 2, 4*g - 2*c = 76. Suppose 3 - g = x. Let k = 29 + x. What is the units digit of k?
4
Let v = -147 + 78. Let c = 102 + v. What is the units digit of c?
3
What is the hundreds digit of ((-350)/(-4))/((-4)/(-24)) - -4?
5
What is the thousands digit of (-2 - (-44)/18) + 187120/180?
1
Let f(a) = a - 2. Let y be f(4). Let t = -17 - -63. Suppose 2*v = -4*p + t, -5*v + 0*p = y*p - 83. What is the units digit of v?
5
Let i be (4/(-12))/(2/(-12)). Suppose 2*r + i*r = -20. What is the units digit of (-149)/r - (-4)/20?
0
Let k(t) = 47*t**2 - 14*t - 17. Let v(g) = -95*g**2 + 27*g + 35. Let x(n) = -5*k(n) - 3*v(n). What is the tens digit of x(-2)?
0
Suppose -t = -47 - 153. Suppose 4*x - 9*x + t = 0. What is the tens digit of x?
4
Let a be -104 - (1 + (-12)/4). Let c be 2/(-2 + (-201)/a). Let s = c + 103. What is the units digit of s?
5
Let h = -20 - -25. Suppose 0 = -a - 5*r + 23, 2*a - 21 = -h*r + 30. What is the units digit of a?
8
Suppose 3*k = -2*d + 4221, 2 + 4 = 2*d. What is the tens digit of k?
0
What is the hundreds digit of (-2)/(-2)*(-32 + 905)?
8
Suppose p - r - 51 = 1209, -2*p + 2545 = 3*r. What is the hundreds digit of p?
2
Let r(l) = -l**3 - 4*l**2 - 12*l - 10. Let b be ((-17)/34)/(2/16). What is the units digit of r(b)?
8
What is the tens digit of (-16344)/54*(9/6 - 3)?
5
Suppose -2*u = -1624 - 1760. What is the units digit of u?
2
Suppose 5*r = 3427 + 998. What is the hundreds digit of r?
8
Let d = 2251 - 1573. What is the tens digit of d?
7
Let h = -1197 + 1796. What is the units digit of h?
9
Let u = 16 - 11. Let d be -1 - 5/(u/(-3)). Suppose d*q - 4*q + 48 = 0. What is the tens digit of q?
2
Let a(b) = -b**2 + 6*b + 4. Let o be a(7). What is the units digit of -18*((-2)/4)/((-1)/o)?
7
Suppose 57 = 2*k + 27. What is the tens digit of k?
1
Suppose -20*i = -74 - 166. Let v(j) = j**2 - 7*j + 8. Let k be v(6). Suppose 2*n - i = -k*n. What is the units digit of n?
3
Suppose q - 3*q - p = -3, -p = -4*q + 21. Let w = -210 - -223. Let t = w - q. What is the units digit of t?
9
Suppose 3364 = 7*d - 6*d + 3*r, d - 3365 = -2*r. What is the thousands digit of d?
3
What is the units digit of (1*-1)/((-55)/50765)?
3
Let f(k) = -11*k**3 - k**2 - 4*k + 9. Let u be f(3). What is the tens digit of -4 + (-3)/9*u?
9
What is the tens digit of 191 - (4 + (-2 - 0/3))?
8
Suppose 5*x - 2*x = 54. Suppose 7*f = 24 + x. Suppose 0 = -f*z + 306 + 12. What is the tens digit of z?
5
Suppose -2*o = -7*o + 35. Suppose 0 = 3*c + 2*c - 3*y - 13, -c = -3*y + o. Suppose -c*f - 335 = -10*f. What is the tens digit of f?
6
Let h = -382 - -1171. What is the hundreds digit of h?
7
Let d(f) = 14*f - 5. Let l(g) = 3*g - 1. Let h(q) = -6*d(q) + 33*l(q). Let x be h(3). Let s = -29 + x. What is the units digit of s?
3
Suppose 6*s + 18*s - 4176 = 0. What is the units digit of s?
4
Suppose 2*v + 3*w = -2*v - 32, 4*w + 16 = 0. Let x be 23/v - (-4)/(-10). Let k(a) = -a**3 - 3*a**2 + 7*a + 7. What is the units digit of k(x)?
2
Let a(k) = 6*k**3 - 4*k**2 + 3*k - 2. What is the units digit of a(4)?
0
Suppose 0 = 5*x + 3*u - 7 + 31, 0 = 2*x - 4*u + 20. Let m = -2 + 3. What is the units digit of x*m + 2 - -77?
3
Let g be 124/6 - 12/(-9). Let v be -3 + (0 - -2) + -1. Let w = v + g. What is the units digit of w?
0
Let w(d) = -d**3 + 2*d**2 + d + 98. Let o be w(0). Let y = o + 37. What is the tens digit of y?
3
Let k = -9 + 12. Let v(f) = 7*f**k + 0*f**3 + 2*f**3. What is the units digit of v(1)?
9
Let p(d) = d**3 + 5*d**2 - 3*d + 4. Let f be (27/(-18))/((-6)/(-16)). Let m be p(f). Let a = m + 18. What is the units digit of a?
0
Let u(y) = 14*y**3 + y**2 + y + 1. Let g be u(2). Suppose -2*j + 133 = s, 0 = 4*j - 5*s - 420 + g. What is the tens digit of j?
6
Suppose 0 = -c + 2, r + 4*r = c + 13. Suppose -349*z = -353*z + 12. Suppose z*t = -5*l + 5*t + 90, l - r*t - 5 = 0. What is the tens digit of l?
2
Let a = 231 + -56. What is the units digit of a?
5
Let y be 64/34 + -2*(-5)/85. Suppose -3*k + 7*w + 540 = y*w, 0 = -w. What is the hundreds digit of k?
1
What is the hundreds digit of (-13)/(52/16) + 1745?
7
Let n(h) = 10*h**2 - 93*h - 36. What is the tens digit of n(18)?
3
Let q be (-5 + -208)/(0 + -1). What is the tens digit of ((-51)/(-9) - 5)*q?
4
Let h = -7 + 10. Suppose -g = 2*g - h. What is the units digit of g?
1
Let u = 705 - 422. What is the tens digit of u?
8
Let f(b) = 2*b**2 - 5*b - 7. Let m be f(-7). Suppose 4*n - 18 = m. Suppose 3*k - 99 = -n. What is the tens digit of k?
2
Suppose -6*y + 262 = -152. Suppose j - v - 22 = y, 5*v + 185 = 2*j. What is the tens digit of j?
9
Let o(f) be the first derivative of f**3/3 + 7*f**2/2 + 8*f + 1. Let w be (-5 - -11)*(-8)/6. What is the units digit of o(w)?
6
Suppose q = 5*b + 398, -3*b = 4*q + 632 - 2155. What is the tens digit of q?
8
Suppose 168 = -5*y + 4*c - 282, 0 = 4*y + 3*c + 329. Let g(z) = 4*z**2 + 4*z + 2. Let v be g(-2). What is the units digit of (-27)/45 - y/v?
8
Suppose 4 + 0 = 2*r. Suppose -5*p + 5 = 0, r*p = -j - 2*p + 7. Suppose -17 = j*d - 5*q - 1, -10 = -2*q. What is the units digit of d?
3
Let b = 907 + -1706. What is the units digit of (-5 + -1)*b/51?
4
Let g(f) = 4*f**2 + 3*f + 2. Let t(l) = -9*l**2 - 6*l - 4. Let p(h) = 7*g(h) + 3*t(h). Let d be p(-3). Suppose d*q - 132 = -2*q. What is the units digit of q?
3
Suppose -3*d = d - 4. Let t be 0 + (d - (-12)/4). Suppose 4*o + 2*b - 90 = 0, -4*b + 80 = t*o - o. What is the tens digit of o?
2
Suppose -4*b + 14388 = 18*b. What is the units digit of b?
4
Let s(g) = -132*g - 229. What is the hundreds digit of s(-8)?
8
Suppose -1799 = -q + 2*m, 5*m - 5 - 5 = 0. What is the thousands digit of q?
1
Let z(h) = -h**3 - 5*h**2 - 8*h + 1. What is the tens digit of z(-7)?
5
Let h(l) = -25*l - 19. Let v(g) = 24*g + 19. Let k(b) = 3*h(b) + 4*v(b). What is the tens digit of k(5)?
2
Suppose -3*m - 4*p + 1401 = 0, 31*m - 4*p - 954 = 29*m. What is the tens digit of m?
7
What is the thousands digit of 55270/45 + ((-2)/9)/1?
1
What is the tens digit of -4*((-6032)/39 - (-1)/6)?
1
Let n(i) = 2*i**3 - 2*i**2 - 2. Let m(b) = -b**3 - 4*b**2 + 6*b + 7. Let j be m(-5). Let w be n(j). Let v = 10 - w. What is the units digit of v?
4
Let m(i) = -i**2 + 4*i - 7. Let h be m(8). Let f = h + 65. What is the tens digit of f?
2
Let f = -102 + 190. Let d = 0 + f. What is the units digit of d?
8
Let w(y) = -282*y. Let g be w(-1). Let b be (g/(-8))/((-3)/4). Suppose 5*v - r = b, -5*v - 3*r - 7 = -66. What is the units digit of v?
0
Let w = 11 + -4. Let t(y) = -w*y - 24 - y + 12*y + y**2. What is the tens digit of t(-11)?
5
Let u(w) = -w**2 + 31*w + 1. What is the hundreds digit of u(16)?
2
Suppose -y + 3 = -3*o - o, -o = -2*y + 6. What is the units digit of 87 + 2*(1 - o/3)?
9
Let z(m) = 4*m + 2. Let i(q) = -q - 1. Let d(f) = -5*i(f) - z(f). What is the units digit of d(14)?
7
Let b = -524 + 735. What is the hundreds digit of b?
2
Let z(n) = -n. Let o(h) = h**3 - 5*h**2 - 12*h + 12. Let b(g) = o(g) + z(g). What is the tens digit of b(8)?
0
Let x(t) = 7*t + 9. Let j(v) = 7*v + 10. Let i(d) = -6*j(d) + 7*x(d). Let b(g) = g + 8. Let y be b(-5). What is the tens digit of i(y)?
2
Let n(t) = 3*t - 7. Let f(r) = -2*r + 1. Let g(s) = 4*s - 26. Let j be g(6). Let d be f(j). What is the units digit of n(d)?
8
Suppose -6*f + 10 = -5*f. Let l(y) = y**2 - 7*y + 25. What is the tens digit of l(f)?
5
Let o(d) be the first derivative of d**3 - 3*d**2 - 6*d - 12. Let y be o(5). Suppose -241 = -5*t + y. What is the units digit of t?
6
Let m be 4/28 - 3/21. Suppose b - g - 54 = m, 4*g + 0*g - 108 = -2*b. What is the units digit of b?
4
Suppose 0 = -5*n - 5*i + 10, -3*n = 3*i + 2*i - 6. Let d be ((2 + -2)/n)/(-3). What is the tens digit of 31 - ((6 - 4) + d)?
2
Let s = -1812 + 7409. What is the units digit of s?
7
Let p(d) = 201*d**2 + 8*d - 57. What is the thousands digit of p(4)?
3
Let f(j) = j**2 - 4*j - 43. What is the units digit of f(10)?
7
Suppose -5*h + 3*z = -9866, 0 = 5*h + 37*z - 42*z - 9870. What is the units digit of h?
2
Let z = 524 - 337. What is the hundreds digit of z?
1
Suppose 4*r + 2*q - 270 = 0, 2*q + 69 = r + 3*q. What is the units digit of 6/(-10)*r/9*-5?
2
Suppose -3*a + 11 = 4*c, -3*c - 2*c + 9 = -a. Suppose 660 = -c*m + 6*m. Suppose 5*l 